{"id":1287,"date":"2022-04-26T21:35:10","date_gmt":"2022-04-26T19:35:10","guid":{"rendered":"https:\/\/www.johaninekolace.sk\/?page_id=1287"},"modified":"2022-04-26T21:41:13","modified_gmt":"2022-04-26T19:41:13","slug":"reklamacny-poriadok","status":"publish","type":"page","link":"https:\/\/www.johaninekolace.sk\/?page_id=1287","title":{"rendered":"Reklama\u010dn\u00fd poriadok"},"content":{"rendered":"\t\t<div data-elementor-type=\"wp-page\" data-elementor-id=\"1287\" class=\"elementor elementor-1287\">\n\t\t\t\t\t\t\t\t\t<section class=\"elementor-section elementor-top-section elementor-element elementor-element-142b618 elementor-section-boxed elementor-section-height-default elementor-section-height-default\" data-id=\"142b618\" data-element_type=\"section\">\n\t\t\t\t\t\t<div class=\"elementor-container elementor-column-gap-default\">\n\t\t\t\t\t<div class=\"elementor-column elementor-col-100 elementor-top-column elementor-element elementor-element-53b52a7\" data-id=\"53b52a7\" data-element_type=\"column\">\n\t\t\t<div class=\"elementor-widget-wrap elementor-element-populated\">\n\t\t\t\t\t\t\t\t<div class=\"elementor-element elementor-element-095e329 elementor-widget elementor-widget-heading\" data-id=\"095e329\" data-element_type=\"widget\" data-widget_type=\"heading.default\">\n\t\t\t\t<div class=\"elementor-widget-container\">\n\t\t\t<style>\/*! elementor - v3.6.5 - 27-04-2022 *\/\n.elementor-heading-title{padding:0;margin:0;line-height:1}.elementor-widget-heading .elementor-heading-title[class*=elementor-size-]>a{color:inherit;font-size:inherit;line-height:inherit}.elementor-widget-heading .elementor-heading-title.elementor-size-small{font-size:15px}.elementor-widget-heading .elementor-heading-title.elementor-size-medium{font-size:19px}.elementor-widget-heading .elementor-heading-title.elementor-size-large{font-size:29px}.elementor-widget-heading .elementor-heading-title.elementor-size-xl{font-size:39px}.elementor-widget-heading .elementor-heading-title.elementor-size-xxl{font-size:59px}<\/style><h2 class=\"elementor-heading-title elementor-size-default\">Reklama\u010dn\u00fd poriadok<\/h2>\t\t<\/div>\n\t\t\t\t<\/div>\n\t\t\t\t\t<\/div>\n\t\t<\/div>\n\t\t\t\t\t\t\t<\/div>\n\t\t<\/section>\n\t\t\t\t<section class=\"elementor-section elementor-top-section elementor-element elementor-element-88be5c7 elementor-section-boxed elementor-section-height-default elementor-section-height-default\" data-id=\"88be5c7\" data-element_type=\"section\">\n\t\t\t\t\t\t<div class=\"elementor-container elementor-column-gap-default\">\n\t\t\t\t\t<div class=\"elementor-column elementor-col-100 elementor-top-column elementor-element elementor-element-7b80cba\" data-id=\"7b80cba\" data-element_type=\"column\">\n\t\t\t<div class=\"elementor-widget-wrap elementor-element-populated\">\n\t\t\t\t\t\t\t\t<div class=\"elementor-element elementor-element-2881dfb elementor-widget elementor-widget-text-editor\" data-id=\"2881dfb\" data-element_type=\"widget\" data-widget_type=\"text-editor.default\">\n\t\t\t\t<div class=\"elementor-widget-container\">\n\t\t\t<style>\/*! elementor - v3.6.5 - 27-04-2022 *\/\n.elementor-widget-text-editor.elementor-drop-cap-view-stacked .elementor-drop-cap{background-color:#818a91;color:#fff}.elementor-widget-text-editor.elementor-drop-cap-view-framed .elementor-drop-cap{color:#818a91;border:3px solid;background-color:transparent}.elementor-widget-text-editor:not(.elementor-drop-cap-view-default) .elementor-drop-cap{margin-top:8px}.elementor-widget-text-editor:not(.elementor-drop-cap-view-default) .elementor-drop-cap-letter{width:1em;height:1em}.elementor-widget-text-editor .elementor-drop-cap{float:left;text-align:center;line-height:1;font-size:50px}.elementor-widget-text-editor .elementor-drop-cap-letter{display:inline-block}<\/style>\t\t\t\t<h3>1. KONTROLA TOVARU PRI PREVZAT\u00cd<\/h3><p>Pri prevzat\u00ed tovaru je kupuj\u00faci povinn\u00fd skontrolova\u0165, \u010di tovar nie je po\u0161koden\u00fd a \u010di zodpoved\u00e1 \u0161pecifik\u00e1cii uvedenej v objedn\u00e1vke. Prevzat\u00edm predmetu k\u00fapy kupuj\u00faci prejavuje s\u00fahlas s v\u00fdzorom, ve\u013ekos\u0165ou a mno\u017estvom tovaru. Pred\u00e1vaj\u00faci neuzn\u00e1 pr\u00edpadn\u00e9 neskor\u0161ie reklam\u00e1cie z t\u00fdchto d\u00f4vodov.<br \/>Ak kupuj\u00faci zist\u00ed po\u0161kodenie senzorick\u00fdch vlastnost\u00ed tovaru, ktor\u00e9 pri preberan\u00ed nebol schopn\u00fd pos\u00fadi\u0165 (najm\u00e4 chu\u0165 a v\u00f4\u0148a), je povinn\u00fd reklam\u00e1ciu uplatni\u0165 v z\u00e1ru\u010dnej dobe uvedenej na Dodacom liste.<br \/>Za chybu tovaru nemo\u017eno pova\u017eova\u0165 zmenu vlastnosti tovaru, ktor\u00e1 vznikla v priebehu z\u00e1ru\u010dnej doby v d\u00f4sledku neprimeranej prepravy, nespr\u00e1vneho uskladnenia, nedodr\u017ean\u00edm teploty skladovania, v d\u00f4sledku ak\u00e9hoko\u013evek po\u0161kodenia kupuj\u00facim, \u010di tre\u0165ou osobou alebo in\u00e9ho nespr\u00e1vneho z\u00e1sahu.<\/p><h3><br \/>2. PRIEBEH REKLAM\u00c1CIE<\/h3><p>Ak Kupuj\u00faci zist\u00ed skuto\u010dnosti, ktor\u00e9 m\u00f4\u017eu by\u0165 predmetom reklam\u00e1cie, kontaktuje pred\u00e1vaj\u00faceho bez zbyto\u010dn\u00e9ho odkladu, najnesk\u00f4r v de\u0148 nasleduj\u00faci po prevzat\u00ed produktov, a to osobne v prev\u00e1dzke Johanine kol\u00e1\u010de, s.r.o., Pavla Mudro\u0148a 1191\/5, 010 01 \u017dilina alebo telefonicky na \u010d\u00edsle 0911 549 004 alebo mailom cez web www.johaninekolace.sk. Kupuj\u00faci pri svojej reklam\u00e1cii uvedie druh tovaru, d\u00e1tum zak\u00fapenia tovaru, rozsah vady a cenu tovaru.<br \/>Pri reklam\u00e1cii je potrebn\u00e9 v\u017edy predlo\u017ei\u0165 doklad o zak\u00fapen\u00ed(fakt\u00faru).<br \/>Pred\u00e1vaj\u00faci vybav\u00ed reklam\u00e1ciu pod\u013ea mo\u017enosti bezodkladne, a to v\u00fdmenou za in\u00fd, bezchybn\u00fd tovar. V pr\u00edpade, ak v\u00fdmena nie je mo\u017en\u00e1, pred\u00e1vaj\u00faci zabezpe\u010d\u00ed vybavenie reklam\u00e1cie pod\u013ea dohody do 5 pracovn\u00fdch dn\u00ed odo d\u0148a uplatnenia reklam\u00e1cie v zlo\u017eit\u00fdch pr\u00edpadoch, av\u0161ak najnesk\u00f4r do 30 dn\u00ed odo d\u0148a uplatnenia reklam\u00e1cie v od\u00f4vodnen\u00fdch pr\u00edpadoch, najm\u00e4, ak sa vy\u017eaduje zlo\u017eit\u00e9 technick\u00e9 zhodnotenie v\u00fdrobku alebo vr\u00e1ti kupuj\u00facemu peniaze.<\/p>\t\t\t\t\t\t<\/div>\n\t\t\t\t<\/div>\n\t\t\t\t\t<\/div>\n\t\t<\/div>\n\t\t\t\t\t\t\t<\/div>\n\t\t<\/section>\n\t\t\t\t\t\t\t<\/div>\n\t\t","protected":false},"excerpt":{"rendered":"<p>Reklama\u010dn\u00fd poriadok 1. KONTROLA TOVARU PRI PREVZAT\u00cd Pri prevzat\u00ed tovaru je kupuj\u00faci povinn\u00fd skontrolova\u0165, \u010di tovar nie je po\u0161koden\u00fd a \u010di zodpoved\u00e1 \u0161pecifik\u00e1cii uvedenej v objedn\u00e1vke. Prevzat\u00edm predmetu k\u00fapy kupuj\u00faci prejavuje s\u00fahlas s v\u00fdzorom, ve\u013ekos\u0165ou a mno\u017estvom tovaru. Pred\u00e1vaj\u00faci neuzn\u00e1 pr\u00edpadn\u00e9 neskor\u0161ie reklam\u00e1cie z t\u00fdchto d\u00f4vodov.Ak kupuj\u00faci zist\u00ed po\u0161kodenie senzorick\u00fdch vlastnost\u00ed tovaru, ktor\u00e9 pri preberan\u00ed [&hellip;]<\/p>\n","protected":false},"author":1,"featured_media":0,"parent":0,"menu_order":0,"comment_status":"closed","ping_status":"closed","template":"","meta":{"_monsterinsights_skip_tracking":false,"_monsterinsights_sitenote_active":false,"_monsterinsights_sitenote_note":"","_monsterinsights_sitenote_category":0},"yoast_head":"<!-- This site is optimized with the Yoast SEO plugin v18.6 - https:\/\/yoast.com\/wordpress\/plugins\/seo\/ -->\n<title>Reklama\u010dn\u00fd poriadok - Johanine kol\u00e1\u010de<\/title>\n<meta name=\"robots\" content=\"index, follow, max-snippet:-1, max-image-preview:large, max-video-preview:-1\" \/>\n<link rel=\"canonical\" href=\"https:\/\/www.johaninekolace.sk\/?page_id=1287\" \/>\n<meta property=\"og:locale\" content=\"sk_SK\" \/>\n<meta property=\"og:type\" content=\"article\" \/>\n<meta property=\"og:title\" content=\"Reklama\u010dn\u00fd poriadok - Johanine kol\u00e1\u010de\" \/>\n<meta property=\"og:description\" content=\"Reklama\u010dn\u00fd poriadok 1. KONTROLA TOVARU PRI PREVZAT\u00cd Pri prevzat\u00ed tovaru je kupuj\u00faci povinn\u00fd skontrolova\u0165, \u010di tovar nie je po\u0161koden\u00fd a \u010di zodpoved\u00e1 \u0161pecifik\u00e1cii uvedenej v objedn\u00e1vke. Prevzat\u00edm predmetu k\u00fapy kupuj\u00faci prejavuje s\u00fahlas s v\u00fdzorom, ve\u013ekos\u0165ou a mno\u017estvom tovaru. Pred\u00e1vaj\u00faci neuzn\u00e1 pr\u00edpadn\u00e9 neskor\u0161ie reklam\u00e1cie z t\u00fdchto d\u00f4vodov.Ak kupuj\u00faci zist\u00ed po\u0161kodenie senzorick\u00fdch vlastnost\u00ed tovaru, ktor\u00e9 pri preberan\u00ed [&hellip;]\" \/>\n<meta property=\"og:url\" content=\"https:\/\/www.johaninekolace.sk\/?page_id=1287\" \/>\n<meta property=\"og:site_name\" content=\"Johanine kol\u00e1\u010de\" \/>\n<meta property=\"article:modified_time\" content=\"2022-04-26T19:41:13+00:00\" \/>\n<meta name=\"twitter:card\" content=\"summary_large_image\" \/>\n<meta name=\"twitter:label1\" content=\"Predpokladan\u00fd \u010das \u010d\u00edtania\" \/>\n\t<meta name=\"twitter:data1\" content=\"2 min\u00faty\" \/>\n<script type=\"application\/ld+json\" class=\"yoast-schema-graph\">{\"@context\":\"https:\/\/schema.org\",\"@graph\":[{\"@type\":\"WebSite\",\"@id\":\"https:\/\/www.johaninekolace.sk\/#website\",\"url\":\"https:\/\/www.johaninekolace.sk\/\",\"name\":\"Johanine kol\u00e1\u010de\",\"description\":\"Len \u010fal\u0161ia WordPress str\u00e1nka\",\"potentialAction\":[{\"@type\":\"SearchAction\",\"target\":{\"@type\":\"EntryPoint\",\"urlTemplate\":\"https:\/\/www.johaninekolace.sk\/?s={search_term_string}\"},\"query-input\":\"required name=search_term_string\"}],\"inLanguage\":\"sk-SK\"},{\"@type\":\"WebPage\",\"@id\":\"https:\/\/www.johaninekolace.sk\/?page_id=1287#webpage\",\"url\":\"https:\/\/www.johaninekolace.sk\/?page_id=1287\",\"name\":\"Reklama\u010dn\u00fd poriadok - Johanine kol\u00e1\u010de\",\"isPartOf\":{\"@id\":\"https:\/\/www.johaninekolace.sk\/#website\"},\"datePublished\":\"2022-04-26T19:35:10+00:00\",\"dateModified\":\"2022-04-26T19:41:13+00:00\",\"breadcrumb\":{\"@id\":\"https:\/\/www.johaninekolace.sk\/?page_id=1287#breadcrumb\"},\"inLanguage\":\"sk-SK\",\"potentialAction\":[{\"@type\":\"ReadAction\",\"target\":[\"https:\/\/www.johaninekolace.sk\/?page_id=1287\"]}]},{\"@type\":\"BreadcrumbList\",\"@id\":\"https:\/\/www.johaninekolace.sk\/?page_id=1287#breadcrumb\",\"itemListElement\":[{\"@type\":\"ListItem\",\"position\":1,\"name\":\"Home\",\"item\":\"https:\/\/www.johaninekolace.sk\/\"},{\"@type\":\"ListItem\",\"position\":2,\"name\":\"Reklama\u010dn\u00fd poriadok\"}]}]}<\/script>\n<!-- \/ Yoast SEO plugin. -->","yoast_head_json":{"title":"Reklama\u010dn\u00fd poriadok - Johanine kol\u00e1\u010de","robots":{"index":"index","follow":"follow","max-snippet":"max-snippet:-1","max-image-preview":"max-image-preview:large","max-video-preview":"max-video-preview:-1"},"canonical":"https:\/\/www.johaninekolace.sk\/?page_id=1287","og_locale":"sk_SK","og_type":"article","og_title":"Reklama\u010dn\u00fd poriadok - Johanine kol\u00e1\u010de","og_description":"Reklama\u010dn\u00fd poriadok 1. KONTROLA TOVARU PRI PREVZAT\u00cd Pri prevzat\u00ed tovaru je kupuj\u00faci povinn\u00fd skontrolova\u0165, \u010di tovar nie je po\u0161koden\u00fd a \u010di zodpoved\u00e1 \u0161pecifik\u00e1cii uvedenej v objedn\u00e1vke. Prevzat\u00edm predmetu k\u00fapy kupuj\u00faci prejavuje s\u00fahlas s v\u00fdzorom, ve\u013ekos\u0165ou a mno\u017estvom tovaru. Pred\u00e1vaj\u00faci neuzn\u00e1 pr\u00edpadn\u00e9 neskor\u0161ie reklam\u00e1cie z t\u00fdchto d\u00f4vodov.Ak kupuj\u00faci zist\u00ed po\u0161kodenie senzorick\u00fdch vlastnost\u00ed tovaru, ktor\u00e9 pri preberan\u00ed [&hellip;]","og_url":"https:\/\/www.johaninekolace.sk\/?page_id=1287","og_site_name":"Johanine kol\u00e1\u010de","article_modified_time":"2022-04-26T19:41:13+00:00","twitter_card":"summary_large_image","twitter_misc":{"Predpokladan\u00fd \u010das \u010d\u00edtania":"2 min\u00faty"},"schema":{"@context":"https:\/\/schema.org","@graph":[{"@type":"WebSite","@id":"https:\/\/www.johaninekolace.sk\/#website","url":"https:\/\/www.johaninekolace.sk\/","name":"Johanine kol\u00e1\u010de","description":"Len \u010fal\u0161ia WordPress str\u00e1nka","potentialAction":[{"@type":"SearchAction","target":{"@type":"EntryPoint","urlTemplate":"https:\/\/www.johaninekolace.sk\/?s={search_term_string}"},"query-input":"required name=search_term_string"}],"inLanguage":"sk-SK"},{"@type":"WebPage","@id":"https:\/\/www.johaninekolace.sk\/?page_id=1287#webpage","url":"https:\/\/www.johaninekolace.sk\/?page_id=1287","name":"Reklama\u010dn\u00fd poriadok - Johanine kol\u00e1\u010de","isPartOf":{"@id":"https:\/\/www.johaninekolace.sk\/#website"},"datePublished":"2022-04-26T19:35:10+00:00","dateModified":"2022-04-26T19:41:13+00:00","breadcrumb":{"@id":"https:\/\/www.johaninekolace.sk\/?page_id=1287#breadcrumb"},"inLanguage":"sk-SK","potentialAction":[{"@type":"ReadAction","target":["https:\/\/www.johaninekolace.sk\/?page_id=1287"]}]},{"@type":"BreadcrumbList","@id":"https:\/\/www.johaninekolace.sk\/?page_id=1287#breadcrumb","itemListElement":[{"@type":"ListItem","position":1,"name":"Home","item":"https:\/\/www.johaninekolace.sk\/"},{"@type":"ListItem","position":2,"name":"Reklama\u010dn\u00fd poriadok"}]}]}},"_links":{"self":[{"href":"https:\/\/www.johaninekolace.sk\/index.php?rest_route=\/wp\/v2\/pages\/1287"}],"collection":[{"href":"https:\/\/www.johaninekolace.sk\/index.php?rest_route=\/wp\/v2\/pages"}],"about":[{"href":"https:\/\/www.johaninekolace.sk\/index.php?rest_route=\/wp\/v2\/types\/page"}],"author":[{"embeddable":true,"href":"https:\/\/www.johaninekolace.sk\/index.php?rest_route=\/wp\/v2\/users\/1"}],"replies":[{"embeddable":true,"href":"https:\/\/www.johaninekolace.sk\/index.php?rest_route=%2Fwp%2Fv2%2Fcomments&post=1287"}],"version-history":[{"count":6,"href":"https:\/\/www.johaninekolace.sk\/index.php?rest_route=\/wp\/v2\/pages\/1287\/revisions"}],"predecessor-version":[{"id":1294,"href":"https:\/\/www.johaninekolace.sk\/index.php?rest_route=\/wp\/v2\/pages\/1287\/revisions\/1294"}],"wp:attachment":[{"href":"https:\/\/www.johaninekolace.sk\/index.php?rest_route=%2Fwp%2Fv2%2Fmedia&parent=1287"}],"curies":[{"name":"wp","href":"https:\/\/api.w.org\/{rel}","templated":true}]}}