{"id":64,"date":"2022-04-15T09:52:07","date_gmt":"2022-04-15T07:52:07","guid":{"rendered":"https:\/\/www.johaninekolace.sk\/?page_id=64"},"modified":"2026-03-15T19:38:40","modified_gmt":"2026-03-15T18:38:40","slug":"home","status":"publish","type":"page","link":"https:\/\/www.johaninekolace.sk\/","title":{"rendered":"Hlavn\u00e1"},"content":{"rendered":"\t\t<div data-elementor-type=\"wp-page\" data-elementor-id=\"64\" class=\"elementor elementor-64\">\n\t\t\t\t\t\t\t\t\t<section class=\"elementor-section elementor-top-section elementor-element elementor-element-a7db877 elementor-section-full_width elementor-section-height-default elementor-section-height-default\" data-id=\"a7db877\" data-element_type=\"section\">\n\t\t\t\t\t\t<div class=\"elementor-container elementor-column-gap-no\">\n\t\t\t\t\t<div class=\"elementor-column elementor-col-50 elementor-top-column elementor-element elementor-element-ef4d002\" data-id=\"ef4d002\" data-element_type=\"column\" data-settings=\"{&quot;background_background&quot;:&quot;classic&quot;}\">\n\t\t\t<div class=\"elementor-widget-wrap elementor-element-populated\">\n\t\t\t\t\t\t\t\t<div class=\"elementor-element elementor-element-4975ccd elementor-widget elementor-widget-heading\" data-id=\"4975ccd\" data-element_type=\"widget\" data-widget_type=\"heading.default\">\n\t\t\t\t<div class=\"elementor-widget-container\">\n\t\t\t<style>\/*! elementor - v3.6.5 - 27-04-2022 *\/\n.elementor-heading-title{padding:0;margin:0;line-height:1}.elementor-widget-heading .elementor-heading-title[class*=elementor-size-]>a{color:inherit;font-size:inherit;line-height:inherit}.elementor-widget-heading .elementor-heading-title.elementor-size-small{font-size:15px}.elementor-widget-heading .elementor-heading-title.elementor-size-medium{font-size:19px}.elementor-widget-heading .elementor-heading-title.elementor-size-large{font-size:29px}.elementor-widget-heading .elementor-heading-title.elementor-size-xl{font-size:39px}.elementor-widget-heading .elementor-heading-title.elementor-size-xxl{font-size:59px}<\/style><h2 class=\"elementor-heading-title elementor-size-default\">Pe\u010denie Nechajte Na N\u00e1s<\/h2>\t\t<\/div>\n\t\t\t\t<\/div>\n\t\t\t\t<div class=\"elementor-element elementor-element-14852b3 elementor-widget elementor-widget-image\" data-id=\"14852b3\" data-element_type=\"widget\" data-widget_type=\"image.default\">\n\t\t\t\t<div class=\"elementor-widget-container\">\n\t\t\t<style>\/*! elementor - v3.6.5 - 27-04-2022 *\/\n.elementor-widget-image{text-align:center}.elementor-widget-image a{display:inline-block}.elementor-widget-image a img[src$=\".svg\"]{width:48px}.elementor-widget-image img{vertical-align:middle;display:inline-block}<\/style>\t\t\t\t\t\t\t\t\t\t\t\t<img width=\"250\" height=\"188\" src=\"https:\/\/www.johaninekolace.sk\/wp-content\/uploads\/2022\/04\/logo.png\" class=\"attachment-large size-large\" alt=\"\" loading=\"lazy\" \/>\t\t\t\t\t\t\t\t\t\t\t\t\t\t\t<\/div>\n\t\t\t\t<\/div>\n\t\t\t\t<section class=\"elementor-section elementor-inner-section elementor-element elementor-element-8518447 elementor-section-full_width elementor-section-height-default elementor-section-height-default\" data-id=\"8518447\" data-element_type=\"section\" data-settings=\"{&quot;background_background&quot;:&quot;classic&quot;}\">\n\t\t\t\t\t\t<div class=\"elementor-container elementor-column-gap-no\">\n\t\t\t\t\t<div class=\"elementor-column elementor-col-50 elementor-inner-column elementor-element elementor-element-0280241\" data-id=\"0280241\" data-element_type=\"column\" data-settings=\"{&quot;background_background&quot;:&quot;classic&quot;}\">\n\t\t\t<div class=\"elementor-widget-wrap elementor-element-populated\">\n\t\t\t\t\t\t\t\t<div class=\"elementor-element elementor-element-aa104d5 elementor-widget elementor-widget-heading\" data-id=\"aa104d5\" data-element_type=\"widget\" data-widget_type=\"heading.default\">\n\t\t\t\t<div class=\"elementor-widget-container\">\n\t\t\t<h2 class=\"elementor-heading-title elementor-size-default\">-Pe\u010dieme len na objedn\u00e1vku-<\/h2>\t\t<\/div>\n\t\t\t\t<\/div>\n\t\t\t\t<div class=\"elementor-element elementor-element-a176404 elementor-widget elementor-widget-heading\" data-id=\"a176404\" data-element_type=\"widget\" data-widget_type=\"heading.default\">\n\t\t\t\t<div class=\"elementor-widget-container\">\n\t\t\t<h4 class=\"elementor-heading-title elementor-size-default\">Objedn\u00e1vky na telef\u00f3nom \u010d\u00edsle: 0911 549 004 (minim\u00e1lne 3 dni vopred).<\/h4>\t\t<\/div>\n\t\t\t\t<\/div>\n\t\t\t\t\t<\/div>\n\t\t<\/div>\n\t\t\t\t<div class=\"elementor-column elementor-col-50 elementor-inner-column elementor-element elementor-element-c5427cc\" data-id=\"c5427cc\" data-element_type=\"column\" data-settings=\"{&quot;background_background&quot;:&quot;classic&quot;}\">\n\t\t\t<div class=\"elementor-widget-wrap elementor-element-populated\">\n\t\t\t\t\t\t\t\t<div class=\"elementor-element elementor-element-8fbf640 elementor-widget elementor-widget-text-editor\" data-id=\"8fbf640\" data-element_type=\"widget\" data-widget_type=\"text-editor.default\">\n\t\t\t\t<div class=\"elementor-widget-container\">\n\t\t\t<style>\/*! elementor - v3.6.5 - 27-04-2022 *\/\n.elementor-widget-text-editor.elementor-drop-cap-view-stacked .elementor-drop-cap{background-color:#818a91;color:#fff}.elementor-widget-text-editor.elementor-drop-cap-view-framed .elementor-drop-cap{color:#818a91;border:3px solid;background-color:transparent}.elementor-widget-text-editor:not(.elementor-drop-cap-view-default) .elementor-drop-cap{margin-top:8px}.elementor-widget-text-editor:not(.elementor-drop-cap-view-default) .elementor-drop-cap-letter{width:1em;height:1em}.elementor-widget-text-editor .elementor-drop-cap{float:left;text-align:center;line-height:1;font-size:50px}.elementor-widget-text-editor .elementor-drop-cap-letter{display:inline-block}<\/style>\t\t\t\t<p>Pe\u010dieme kol\u00e1\u010diky:<\/p><p>&#8211; celiatick\u00e9<\/p><p>-bezlakt\u00f3zov\u00e9 (pou\u017eit\u00e9 bezlakt\u00f3zov\u00e9 produkty)<\/p><p>-diabetick\u00e9 (xylitol)<\/p>\t\t\t\t\t\t<\/div>\n\t\t\t\t<\/div>\n\t\t\t\t\t<\/div>\n\t\t<\/div>\n\t\t\t\t\t\t\t<\/div>\n\t\t<\/section>\n\t\t\t\t\t<\/div>\n\t\t<\/div>\n\t\t\t\t<div class=\"elementor-column elementor-col-50 elementor-top-column elementor-element elementor-element-072f3e2\" data-id=\"072f3e2\" data-element_type=\"column\">\n\t\t\t<div class=\"elementor-widget-wrap elementor-element-populated\">\n\t\t\t\t\t\t\t\t<div class=\"elementor-element elementor-element-9df1e89 elementor-cta--skin-cover elementor-animated-content elementor-widget elementor-widget-call-to-action\" data-id=\"9df1e89\" data-element_type=\"widget\" data-widget_type=\"call-to-action.default\">\n\t\t\t\t<div class=\"elementor-widget-container\">\n\t\t\t<link rel=\"stylesheet\" href=\"https:\/\/www.johaninekolace.sk\/wp-content\/plugins\/elementor-pro\/assets\/css\/widget-call-to-action.min.css\"\/>\t\t<div class=\"elementor-cta\">\n\t\t\t\t\t<div class=\"elementor-cta__bg-wrapper\">\n\t\t\t\t<div class=\"elementor-cta__bg elementor-bg\" style=\"background-image: url(https:\/\/www.johaninekolace.sk\/wp-content\/uploads\/elementor\/thumbs\/cely-2-1-po38sl3jvc0jkgy0ot0w83txvcfseelplqrupzdx2w.jpg);\"><\/div>\n\t\t\t\t<div class=\"elementor-cta__bg-overlay\"><\/div>\n\t\t\t<\/div>\n\t\t\t\t\t\t\t\t<\/div>\n\t\t\t\t<\/div>\n\t\t\t\t<\/div>\n\t\t\t\t<div class=\"elementor-element elementor-element-c6dc7ba elementor-widget elementor-widget-image\" data-id=\"c6dc7ba\" data-element_type=\"widget\" data-widget_type=\"image.default\">\n\t\t\t\t<div class=\"elementor-widget-container\">\n\t\t\t\t\t\t\t\t\t\t\t\t\t\t\t<img width=\"800\" height=\"670\" src=\"https:\/\/www.johaninekolace.sk\/wp-content\/uploads\/2024\/05\/20221223_013856-1-1024x857.jpg\" class=\"attachment-large size-large\" alt=\"\" loading=\"lazy\" srcset=\"https:\/\/www.johaninekolace.sk\/wp-content\/uploads\/2024\/05\/20221223_013856-1-1024x857.jpg 1024w, https:\/\/www.johaninekolace.sk\/wp-content\/uploads\/2024\/05\/20221223_013856-1-300x251.jpg 300w, https:\/\/www.johaninekolace.sk\/wp-content\/uploads\/2024\/05\/20221223_013856-1-768x642.jpg 768w, https:\/\/www.johaninekolace.sk\/wp-content\/uploads\/2024\/05\/20221223_013856-1-1536x1285.jpg 1536w, https:\/\/www.johaninekolace.sk\/wp-content\/uploads\/2024\/05\/20221223_013856-1-2048x1713.jpg 2048w\" sizes=\"(max-width: 800px) 100vw, 800px\" \/>\t\t\t\t\t\t\t\t\t\t\t\t\t\t\t<\/div>\n\t\t\t\t<\/div>\n\t\t\t\t\t<\/div>\n\t\t<\/div>\n\t\t\t\t\t\t\t<\/div>\n\t\t<\/section>\n\t\t\t\t<section class=\"elementor-section elementor-top-section elementor-element elementor-element-554da576 elementor-section-full_width elementor-section-height-default elementor-section-height-default\" data-id=\"554da576\" data-element_type=\"section\" data-settings=\"{&quot;background_background&quot;:&quot;classic&quot;}\">\n\t\t\t\t\t\t<div class=\"elementor-container elementor-column-gap-no\">\n\t\t\t\t\t<div class=\"elementor-column elementor-col-100 elementor-top-column elementor-element elementor-element-70fd34b5\" data-id=\"70fd34b5\" data-element_type=\"column\">\n\t\t\t<div class=\"elementor-widget-wrap elementor-element-populated\">\n\t\t\t\t\t\t\t\t<div class=\"elementor-element elementor-element-40f1f220 elementor-widget elementor-widget-heading\" data-id=\"40f1f220\" data-element_type=\"widget\" data-widget_type=\"heading.default\">\n\t\t\t\t<div class=\"elementor-widget-container\">\n\t\t\t<h2 class=\"elementor-heading-title elementor-size-default\">Sladk\u00e9 ma\u0161krtky<\/h2>\t\t<\/div>\n\t\t\t\t<\/div>\n\t\t\t\t<div class=\"elementor-element elementor-element-3611d51 elementor-widget elementor-widget-read-more\" data-id=\"3611d51\" data-element_type=\"widget\" data-widget_type=\"read-more.default\">\n\t\t\t\t<div class=\"elementor-widget-container\">\n\t\t\t<\/div><\/div><\/div><\/div><\/div><\/section><\/div> <a href=\"https:\/\/www.johaninekolace.sk\/#more-64\" class=\"more-link elementor-more-link\"><span aria-label=\"\u010c\u00edta\u0165 \u010falej Hlavn\u00e1\">\u010c\u00edta\u0165 \u010falej<\/span><\/a>","protected":false},"excerpt":{"rendered":"<p>Pe\u010denie Nechajte Na N\u00e1s -Pe\u010dieme len na objedn\u00e1vku- Objedn\u00e1vky na telef\u00f3nom \u010d\u00edsle: 0911 549 004 (minim\u00e1lne 3 dni vopred). Pe\u010dieme kol\u00e1\u010diky: &#8211; celiatick\u00e9 -bezlakt\u00f3zov\u00e9 (pou\u017eit\u00e9 bezlakt\u00f3zov\u00e9 produkty) -diabetick\u00e9 (xylitol) Sladk\u00e9 ma\u0161krtky<\/p>\n","protected":false},"author":1,"featured_media":0,"parent":0,"menu_order":0,"comment_status":"closed","ping_status":"closed","template":"","meta":{"_monsterinsights_skip_tracking":false,"_monsterinsights_sitenote_active":false,"_monsterinsights_sitenote_note":"","_monsterinsights_sitenote_category":0},"yoast_head":"<!-- This site is optimized with the Yoast SEO plugin v18.6 - https:\/\/yoast.com\/wordpress\/plugins\/seo\/ -->\n<title>Hlavn\u00e1 - Johanine kol\u00e1\u010de<\/title>\n<meta name=\"robots\" content=\"index, follow, max-snippet:-1, max-image-preview:large, max-video-preview:-1\" \/>\n<link rel=\"canonical\" href=\"https:\/\/www.johaninekolace.sk\/\" \/>\n<meta property=\"og:locale\" content=\"sk_SK\" \/>\n<meta property=\"og:type\" content=\"article\" \/>\n<meta property=\"og:title\" content=\"Hlavn\u00e1 - Johanine kol\u00e1\u010de\" \/>\n<meta property=\"og:description\" content=\"Pe\u010denie Nechajte Na N\u00e1s -Pe\u010dieme len na objedn\u00e1vku- Objedn\u00e1vky na telef\u00f3nom \u010d\u00edsle: 0911 549 004 (minim\u00e1lne 3 dni vopred). Pe\u010dieme kol\u00e1\u010diky: &#8211; celiatick\u00e9 -bezlakt\u00f3zov\u00e9 (pou\u017eit\u00e9 bezlakt\u00f3zov\u00e9 produkty) -diabetick\u00e9 (xylitol) Sladk\u00e9 ma\u0161krtky\" \/>\n<meta property=\"og:url\" content=\"https:\/\/www.johaninekolace.sk\/\" \/>\n<meta property=\"og:site_name\" content=\"Johanine kol\u00e1\u010de\" \/>\n<meta property=\"article:modified_time\" content=\"2026-03-15T18:38:40+00:00\" \/>\n<meta property=\"og:image\" content=\"https:\/\/www.johaninekolace.sk\/wp-content\/uploads\/2022\/04\/logo.png\" \/>\n<meta name=\"twitter:card\" content=\"summary_large_image\" \/>\n<meta name=\"twitter:label1\" content=\"Predpokladan\u00fd \u010das \u010d\u00edtania\" \/>\n\t<meta name=\"twitter:data1\" content=\"3 min\u00faty\" \/>\n<script type=\"application\/ld+json\" class=\"yoast-schema-graph\">{\"@context\":\"https:\/\/schema.org\",\"@graph\":[{\"@type\":\"WebSite\",\"@id\":\"https:\/\/www.johaninekolace.sk\/#website\",\"url\":\"https:\/\/www.johaninekolace.sk\/\",\"name\":\"Johanine kol\u00e1\u010de\",\"description\":\"Len \u010fal\u0161ia WordPress str\u00e1nka\",\"potentialAction\":[{\"@type\":\"SearchAction\",\"target\":{\"@type\":\"EntryPoint\",\"urlTemplate\":\"https:\/\/www.johaninekolace.sk\/?s={search_term_string}\"},\"query-input\":\"required name=search_term_string\"}],\"inLanguage\":\"sk-SK\"},{\"@type\":\"ImageObject\",\"@id\":\"https:\/\/www.johaninekolace.sk\/#primaryimage\",\"inLanguage\":\"sk-SK\",\"url\":\"https:\/\/www.johaninekolace.sk\/wp-content\/uploads\/2022\/04\/logo.png\",\"contentUrl\":\"https:\/\/www.johaninekolace.sk\/wp-content\/uploads\/2022\/04\/logo.png\",\"width\":250,\"height\":188},{\"@type\":\"WebPage\",\"@id\":\"https:\/\/www.johaninekolace.sk\/#webpage\",\"url\":\"https:\/\/www.johaninekolace.sk\/\",\"name\":\"Hlavn\u00e1 - Johanine kol\u00e1\u010de\",\"isPartOf\":{\"@id\":\"https:\/\/www.johaninekolace.sk\/#website\"},\"primaryImageOfPage\":{\"@id\":\"https:\/\/www.johaninekolace.sk\/#primaryimage\"},\"datePublished\":\"2022-04-15T07:52:07+00:00\",\"dateModified\":\"2026-03-15T18:38:40+00:00\",\"breadcrumb\":{\"@id\":\"https:\/\/www.johaninekolace.sk\/#breadcrumb\"},\"inLanguage\":\"sk-SK\",\"potentialAction\":[{\"@type\":\"ReadAction\",\"target\":[\"https:\/\/www.johaninekolace.sk\/\"]}]},{\"@type\":\"BreadcrumbList\",\"@id\":\"https:\/\/www.johaninekolace.sk\/#breadcrumb\",\"itemListElement\":[{\"@type\":\"ListItem\",\"position\":1,\"name\":\"Home\",\"item\":\"https:\/\/www.johaninekolace.sk\/\"},{\"@type\":\"ListItem\",\"position\":2,\"name\":\"Hlavn\u00e1\"}]}]}<\/script>\n<!-- \/ Yoast SEO plugin. -->","yoast_head_json":{"title":"Hlavn\u00e1 - Johanine kol\u00e1\u010de","robots":{"index":"index","follow":"follow","max-snippet":"max-snippet:-1","max-image-preview":"max-image-preview:large","max-video-preview":"max-video-preview:-1"},"canonical":"https:\/\/www.johaninekolace.sk\/","og_locale":"sk_SK","og_type":"article","og_title":"Hlavn\u00e1 - Johanine kol\u00e1\u010de","og_description":"Pe\u010denie Nechajte Na N\u00e1s -Pe\u010dieme len na objedn\u00e1vku- Objedn\u00e1vky na telef\u00f3nom \u010d\u00edsle: 0911 549 004 (minim\u00e1lne 3 dni vopred). Pe\u010dieme kol\u00e1\u010diky: &#8211; celiatick\u00e9 -bezlakt\u00f3zov\u00e9 (pou\u017eit\u00e9 bezlakt\u00f3zov\u00e9 produkty) -diabetick\u00e9 (xylitol) Sladk\u00e9 ma\u0161krtky","og_url":"https:\/\/www.johaninekolace.sk\/","og_site_name":"Johanine kol\u00e1\u010de","article_modified_time":"2026-03-15T18:38:40+00:00","og_image":[{"url":"https:\/\/www.johaninekolace.sk\/wp-content\/uploads\/2022\/04\/logo.png"}],"twitter_card":"summary_large_image","twitter_misc":{"Predpokladan\u00fd \u010das \u010d\u00edtania":"3 min\u00faty"},"schema":{"@context":"https:\/\/schema.org","@graph":[{"@type":"WebSite","@id":"https:\/\/www.johaninekolace.sk\/#website","url":"https:\/\/www.johaninekolace.sk\/","name":"Johanine kol\u00e1\u010de","description":"Len \u010fal\u0161ia WordPress str\u00e1nka","potentialAction":[{"@type":"SearchAction","target":{"@type":"EntryPoint","urlTemplate":"https:\/\/www.johaninekolace.sk\/?s={search_term_string}"},"query-input":"required name=search_term_string"}],"inLanguage":"sk-SK"},{"@type":"ImageObject","@id":"https:\/\/www.johaninekolace.sk\/#primaryimage","inLanguage":"sk-SK","url":"https:\/\/www.johaninekolace.sk\/wp-content\/uploads\/2022\/04\/logo.png","contentUrl":"https:\/\/www.johaninekolace.sk\/wp-content\/uploads\/2022\/04\/logo.png","width":250,"height":188},{"@type":"WebPage","@id":"https:\/\/www.johaninekolace.sk\/#webpage","url":"https:\/\/www.johaninekolace.sk\/","name":"Hlavn\u00e1 - Johanine kol\u00e1\u010de","isPartOf":{"@id":"https:\/\/www.johaninekolace.sk\/#website"},"primaryImageOfPage":{"@id":"https:\/\/www.johaninekolace.sk\/#primaryimage"},"datePublished":"2022-04-15T07:52:07+00:00","dateModified":"2026-03-15T18:38:40+00:00","breadcrumb":{"@id":"https:\/\/www.johaninekolace.sk\/#breadcrumb"},"inLanguage":"sk-SK","potentialAction":[{"@type":"ReadAction","target":["https:\/\/www.johaninekolace.sk\/"]}]},{"@type":"BreadcrumbList","@id":"https:\/\/www.johaninekolace.sk\/#breadcrumb","itemListElement":[{"@type":"ListItem","position":1,"name":"Home","item":"https:\/\/www.johaninekolace.sk\/"},{"@type":"ListItem","position":2,"name":"Hlavn\u00e1"}]}]}},"_links":{"self":[{"href":"https:\/\/www.johaninekolace.sk\/index.php?rest_route=\/wp\/v2\/pages\/64"}],"collection":[{"href":"https:\/\/www.johaninekolace.sk\/index.php?rest_route=\/wp\/v2\/pages"}],"about":[{"href":"https:\/\/www.johaninekolace.sk\/index.php?rest_route=\/wp\/v2\/types\/page"}],"author":[{"embeddable":true,"href":"https:\/\/www.johaninekolace.sk\/index.php?rest_route=\/wp\/v2\/users\/1"}],"replies":[{"embeddable":true,"href":"https:\/\/www.johaninekolace.sk\/index.php?rest_route=%2Fwp%2Fv2%2Fcomments&post=64"}],"version-history":[{"count":6,"href":"https:\/\/www.johaninekolace.sk\/index.php?rest_route=\/wp\/v2\/pages\/64\/revisions"}],"predecessor-version":[{"id":3131,"href":"https:\/\/www.johaninekolace.sk\/index.php?rest_route=\/wp\/v2\/pages\/64\/revisions\/3131"}],"wp:attachment":[{"href":"https:\/\/www.johaninekolace.sk\/index.php?rest_route=%2Fwp%2Fv2%2Fmedia&parent=64"}],"curies":[{"name":"wp","href":"https:\/\/api.w.org\/{rel}","templated":true}]}}